{"id":67,"date":"2026-04-17T21:39:31","date_gmt":"2026-04-17T21:39:31","guid":{"rendered":"https:\/\/cumulus.aero\/?page_id=67"},"modified":"2026-04-17T22:02:15","modified_gmt":"2026-04-17T22:02:15","slug":"legal-notice-fr","status":"publish","type":"page","link":"https:\/\/cumulus.aero\/?page_id=67","title":{"rendered":"Mentions L\u00e9gales"},"content":{"rendered":"<h2>1. Informations G\u00e9n\u00e9rales<\/h2>\n<p>Ce site est exploit\u00e9 par <strong><span class=\"secure-text opacity-0 transition-opacity duration-500\" data-secure=\"U1RSQVRVUyA0VCBTLkw=\">...<\/span><\/strong>, immatricul\u00e9e au Registre du Commerce de M\u00e1laga (Espagne).<\/p>\n<ul>\n<li><strong>Adresse :<\/strong> <span class=\"secure-text opacity-0 transition-opacity duration-500\" data-secure=\"Q2FsbGUgU2llcnJhIGRlIFllZ3VhcyA0LCAyOTAxNiBNYWxhZ2EsIEVzcGFnbmU=\">...<\/span><\/li>\n<li><strong>NIF :<\/strong> <span class=\"secure-text opacity-0 transition-opacity duration-500\" data-secure=\"RW4gYXR0ZW50ZQ==\">...<\/span><\/li>\n<li><strong>T\u00e9l\u00e9phone :<\/strong> <span class=\"secure-text opacity-0 transition-opacity duration-500\" data-secure=\"KCszNCkgNjk2IDM3MSAzNzI=\">...<\/span><\/li>\n<li><strong>Email :<\/strong> <span class=\"secure-text opacity-0 transition-opacity duration-500\" data-secure=\"Y29udGFjdEBjdW11bHVzLmFlcm8=\">...<\/span><\/li>\n<\/ul>\n<h2>2. Objet<\/h2>\n<p>Le but de ce site est de fournir des informations sur Cumulus, un syst\u00e8me de gestion complet pour \u00e9coles de pilotage (SaaS) con\u00e7u pour la conformit\u00e9 EASA, FAA et OACI.<\/p>\n","protected":false},"excerpt":{"rendered":"<p>1. Informations G\u00e9n\u00e9rales Ce site est exploit\u00e9 par , immatricul\u00e9e au Registre du Commerce de M\u00e1laga (Espagne). Adresse : NIF : T\u00e9l\u00e9phone : Email : 2. Objet Le but de ce site est de fournir des informations sur Cumulus, un syst\u00e8me de gestion complet pour \u00e9coles de pilotage (SaaS) con\u00e7u pour la conformit\u00e9 EASA, FAA [&hellip;]<\/p>\n","protected":false},"author":1,"featured_media":0,"parent":0,"menu_order":0,"comment_status":"closed","ping_status":"closed","template":"","meta":{"footnotes":""},"class_list":["post-67","page","type-page","status-publish","hentry"],"_links":{"self":[{"href":"https:\/\/cumulus.aero\/index.php?rest_route=\/wp\/v2\/pages\/67","targetHints":{"allow":["GET"]}}],"collection":[{"href":"https:\/\/cumulus.aero\/index.php?rest_route=\/wp\/v2\/pages"}],"about":[{"href":"https:\/\/cumulus.aero\/index.php?rest_route=\/wp\/v2\/types\/page"}],"author":[{"embeddable":true,"href":"https:\/\/cumulus.aero\/index.php?rest_route=\/wp\/v2\/users\/1"}],"replies":[{"embeddable":true,"href":"https:\/\/cumulus.aero\/index.php?rest_route=%2Fwp%2Fv2%2Fcomments&post=67"}],"version-history":[{"count":1,"href":"https:\/\/cumulus.aero\/index.php?rest_route=\/wp\/v2\/pages\/67\/revisions"}],"predecessor-version":[{"id":73,"href":"https:\/\/cumulus.aero\/index.php?rest_route=\/wp\/v2\/pages\/67\/revisions\/73"}],"wp:attachment":[{"href":"https:\/\/cumulus.aero\/index.php?rest_route=%2Fwp%2Fv2%2Fmedia&parent=67"}],"curies":[{"name":"wp","href":"https:\/\/api.w.org\/{rel}","templated":true}]}}